{"id":87400,"date":"2025-11-03T09:29:24","date_gmt":"2025-11-03T08:29:24","guid":{"rendered":"https:\/\/garden-label.pl\/sklep\/produkt\/tabliczka-ogrodowa-wtykana-155x105x450-mm-czarna-aluminium-zestaw-10-szt-2\/"},"modified":"2026-03-16T11:28:34","modified_gmt":"2026-03-16T10:28:34","slug":"tabliczka-ogrodowa-wtykana-155x105x450-mm-czarna-aluminium-zestaw-10-szt-2","status":"publish","type":"product","link":"https:\/\/garden-label.pl\/sklep\/produkt\/tabliczka-ogrodowa-wtykana-155x105x450-mm-czarna-aluminium-zestaw-10-szt-2\/","title":{"rendered":"Tabliczka ogrodowa wtykana, 155x105x450 mm, CZARNA, Aluminium zestaw 10 szt"},"content":{"rendered":"<p>Tabliczka ogrodowa wtykana wykonana z wysokiej jako\u015bci aluminium to idealne rozwi\u0105zanie do oznaczania ro\u015blin w ogrodzie, szk\u00f3\u0142ce lub centrum ogrodniczym. W zestawie znajduje si\u0119 10 sztuk tabliczek o wymiarach 155 mm szeroko\u015bci, 105 mm wysoko\u015bci oraz n\u00f3\u017cce o d\u0142ugo\u015bci 450 mm. W kolorze czarnym, tabliczki te nie tylko spe\u0142niaj\u0105 funkcj\u0119 praktyczn\u0105, ale r\u00f3wnie\u017c estetyczn\u0105, zapewniaj\u0105c elegancki wygl\u0105d Twojego ogrodu.<\/p>\n<p>Wykonane z materia\u0142\u00f3w odpornych na dzia\u0142anie warunk\u00f3w atmosferycznych, tabliczki te doskonale znosz\u0105 zar\u00f3wno niskie, jak i wysokie temperatury oraz promieniowanie s\u0142oneczne, co czyni je idealnym wyborem do u\u017cytku na \u015bwie\u017cym powietrzu. Dzi\u0119ki specjalnej konstrukcji z nachylon\u0105 g\u00f3r\u0105 pod k\u0105tem 45\u00b0, informacje o ro\u015blinach s\u0105 \u0142atwe do odczytania bez potrzeby schylania si\u0119. Dodatkowo n\u00f3\u017cka tabliczki jest zako\u0144czona ostrzem, co umo\u017cliwia \u0142atwe umieszczenie jej w ziemi.<\/p>\n<p>Tabliczki s\u0105 wszechstronnie stosowane do oznaczania rabat, donic oraz skrzynek rozsadowych, a ich odporno\u015b\u0107 na uszkodzenia i zarysowania sprawia, \u017ce b\u0119d\u0105 s\u0142u\u017cy\u0107 przez d\u0142ugie lata. Umo\u017cliwiaj\u0105 r\u00f3wnie\u017c naklejanie etykiet samoprzylepnych, co daje mo\u017cliwo\u015b\u0107 personalizacji.<\/p>\n<p>Produkt charakteryzuje si\u0119 oryginalnym opakowaniem, a jego producentem jest renomowana marka Garden-Label.pl. Oferowana gwarancja na 24 miesi\u0105ce potwierdza wysok\u0105 jako\u015b\u0107 produktu. Wybierz tabliczki, kt\u00f3re nie tylko u\u0142atwi\u0105 organizacj\u0119 Twojego ogrodu, ale tak\u017ce dodadz\u0105 mu stylowego akcentu. <\/p>\n<p>Instrukcja obs\u0142ugi: https:\/\/garden-label.pl\/instrukcje\/<\/p>\n<p>producent\/przedstawiciel\/informacje o bezpiecze\u0144stwie: https:\/\/anetpol.pl\/regulamin-sklepu-internetowego\/<br \/>biuro@anetpol.pl<\/p>\n","protected":false},"excerpt":{"rendered":"<p>Tabliczka ogrodowa wtykana to niezwykle praktyczny i stylowy element ka\u017cdego ogrodu. Wykonana z wysokiej jako\u015bci aluminium, tabliczka charakteryzuje si\u0119 trwa\u0142o\u015bci\u0105 oraz odporno\u015bci\u0105 na r\u00f3\u017cnorodne warunki&#8230; <a href=\"https:\/\/garden-label.pl\/sklep\/produkt\/tabliczka-ogrodowa-wtykana-155x105x450-mm-czarna-aluminium-zestaw-10-szt-2\/\">wi\u0119cej<\/a><\/p>\n","protected":false},"featured_media":87401,"comment_status":"open","ping_status":"closed","template":"","meta":[],"product_brand":[910],"product_cat":[1084,1096,15],"product_tag":[1082,902,1133,1001],"class_list":{"0":"post-87400","1":"product","2":"type-product","3":"status-publish","4":"has-post-thumbnail","6":"product_brand-garden-label-pl","7":"product_cat-dom-i-ogrod","8":"product_cat-tabliczki-i-znaczniki","9":"product_cat-sklep","10":"product_tag-anetpol","11":"product_tag-garden-label","12":"product_tag-promocja","13":"product_tag-tabliczki-znaczniki","14":"sales-flash-overlay","15":"woocommerce-text-align-left","16":"woocommerce-image-align-center","17":"do-quantity-buttons","18":"wc-has-gallery","20":"first","21":"instock","22":"taxable","23":"shipping-taxable","24":"purchasable","25":"product-type-simple"},"yoast_head":"<!-- This site is optimized with the Yoast SEO Premium plugin v26.3 (Yoast SEO v27.3) - https:\/\/yoast.com\/product\/yoast-seo-premium-wordpress\/ -->\n<title>Tabliczka ogrodowa wtykana, 155x105x450 mm, CZARNA, Aluminium zestaw 10 szt - Sklep Garden-Label: etykiety dla ogrodnictwa<\/title>\n<meta name=\"robots\" content=\"index, follow, max-snippet:-1, max-image-preview:large, max-video-preview:-1\" \/>\n<link rel=\"canonical\" href=\"https:\/\/garden-label.pl\/sklep\/produkt\/tabliczka-ogrodowa-wtykana-155x105x450-mm-czarna-aluminium-zestaw-10-szt-2\/\" \/>\n<meta property=\"og:locale\" content=\"pl_PL\" \/>\n<meta property=\"og:type\" content=\"article\" \/>\n<meta property=\"og:title\" content=\"Tabliczka ogrodowa wtykana, 155x105x450 mm, CZARNA, Aluminium zestaw 10 szt\" \/>\n<meta property=\"og:description\" content=\"Tabliczka ogrodowa wtykana to niezwykle praktyczny i stylowy element ka\u017cdego ogrodu. Wykonana z wysokiej jako\u015bci aluminium, tabliczka charakteryzuje si\u0119 trwa\u0142o\u015bci\u0105 oraz odporno\u015bci\u0105 na r\u00f3\u017cnorodne warunki... wi\u0119cej\" \/>\n<meta property=\"og:url\" content=\"https:\/\/garden-label.pl\/sklep\/produkt\/tabliczka-ogrodowa-wtykana-155x105x450-mm-czarna-aluminium-zestaw-10-szt-2\/\" \/>\n<meta property=\"og:site_name\" content=\"Sklep Garden-Label: etykiety dla ogrodnictwa\" \/>\n<meta property=\"article:publisher\" content=\"https:\/\/www.facebook.com\/gardenlabelpl\" \/>\n<meta property=\"article:modified_time\" content=\"2026-03-16T10:28:34+00:00\" \/>\n<meta name=\"twitter:card\" content=\"summary_large_image\" \/>\n<meta name=\"twitter:label1\" content=\"Cena\" \/>\n\t<meta name=\"twitter:data1\" content=\"299,50&nbsp;&#122;&#322;\" \/>\n\t<meta name=\"twitter:label2\" content=\"Dost\u0119pno\u015b\u0107\" \/>\n\t<meta name=\"twitter:data2\" content=\"Dost\u0119pny\" \/>\n<script type=\"application\/ld+json\" class=\"yoast-schema-graph\">{\"@context\":\"https:\\\/\\\/schema.org\",\"@graph\":[{\"@type\":\"WebPage\",\"@id\":\"https:\\\/\\\/garden-label.pl\\\/sklep\\\/produkt\\\/tabliczka-ogrodowa-wtykana-155x105x450-mm-czarna-aluminium-zestaw-10-szt-2\\\/\",\"url\":\"https:\\\/\\\/garden-label.pl\\\/sklep\\\/produkt\\\/tabliczka-ogrodowa-wtykana-155x105x450-mm-czarna-aluminium-zestaw-10-szt-2\\\/\",\"name\":\"Tabliczka ogrodowa wtykana, 155x105x450 mm, CZARNA, Aluminium zestaw 10 szt - Sklep Garden-Label: etykiety dla ogrodnictwa\",\"isPartOf\":{\"@id\":\"https:\\\/\\\/garden-label.pl\\\/sklep\\\/#website\"},\"primaryImageOfPage\":{\"@id\":\"https:\\\/\\\/garden-label.pl\\\/sklep\\\/produkt\\\/tabliczka-ogrodowa-wtykana-155x105x450-mm-czarna-aluminium-zestaw-10-szt-2\\\/#primaryimage\"},\"image\":{\"@id\":\"https:\\\/\\\/garden-label.pl\\\/sklep\\\/produkt\\\/tabliczka-ogrodowa-wtykana-155x105x450-mm-czarna-aluminium-zestaw-10-szt-2\\\/#primaryimage\"},\"thumbnailUrl\":\"https:\\\/\\\/garden-label.pl\\\/sklep\\\/wp-content\\\/uploads\\\/2025\\\/11\\\/4baf28de1e6a438b015dcdfcf2ef679d.jpg\",\"datePublished\":\"2025-11-03T08:29:24+00:00\",\"dateModified\":\"2026-03-16T10:28:34+00:00\",\"breadcrumb\":{\"@id\":\"https:\\\/\\\/garden-label.pl\\\/sklep\\\/produkt\\\/tabliczka-ogrodowa-wtykana-155x105x450-mm-czarna-aluminium-zestaw-10-szt-2\\\/#breadcrumb\"},\"inLanguage\":\"pl-PL\",\"potentialAction\":[{\"@type\":\"ReadAction\",\"target\":[\"https:\\\/\\\/garden-label.pl\\\/sklep\\\/produkt\\\/tabliczka-ogrodowa-wtykana-155x105x450-mm-czarna-aluminium-zestaw-10-szt-2\\\/\"]}]},{\"@type\":\"ImageObject\",\"inLanguage\":\"pl-PL\",\"@id\":\"https:\\\/\\\/garden-label.pl\\\/sklep\\\/produkt\\\/tabliczka-ogrodowa-wtykana-155x105x450-mm-czarna-aluminium-zestaw-10-szt-2\\\/#primaryimage\",\"url\":\"https:\\\/\\\/garden-label.pl\\\/sklep\\\/wp-content\\\/uploads\\\/2025\\\/11\\\/4baf28de1e6a438b015dcdfcf2ef679d.jpg\",\"contentUrl\":\"https:\\\/\\\/garden-label.pl\\\/sklep\\\/wp-content\\\/uploads\\\/2025\\\/11\\\/4baf28de1e6a438b015dcdfcf2ef679d.jpg\",\"width\":1920,\"height\":2560,\"caption\":\"c3d2bfc42420c90d3d9d51d5bd55917f\"},{\"@type\":\"BreadcrumbList\",\"@id\":\"https:\\\/\\\/garden-label.pl\\\/sklep\\\/produkt\\\/tabliczka-ogrodowa-wtykana-155x105x450-mm-czarna-aluminium-zestaw-10-szt-2\\\/#breadcrumb\",\"itemListElement\":[{\"@type\":\"ListItem\",\"position\":1,\"name\":\"Strona g\u0142\u00f3wna\",\"item\":\"https:\\\/\\\/garden-label.pl\\\/sklep\\\/\"},{\"@type\":\"ListItem\",\"position\":2,\"name\":\"Home\",\"item\":\"https:\\\/\\\/garden-label.pl\\\/sklep\\\/\"},{\"@type\":\"ListItem\",\"position\":3,\"name\":\"Tabliczka ogrodowa wtykana, 155x105x450 mm, CZARNA, Aluminium zestaw 10 szt\"}]},{\"@type\":\"WebSite\",\"@id\":\"https:\\\/\\\/garden-label.pl\\\/sklep\\\/#website\",\"url\":\"https:\\\/\\\/garden-label.pl\\\/sklep\\\/\",\"name\":\"Sklep Garden-Label: etykiety dla ogrodnictwa, drukarki, oprogramowanie\",\"description\":\"ETYKIETY OGRODNICZE INFORMATYZACJA SZK\u00d3\u0141EK PASZPORTY RO\u015aLIN SKLEPY INTERNETOWE\",\"publisher\":{\"@id\":\"https:\\\/\\\/garden-label.pl\\\/sklep\\\/#organization\"},\"potentialAction\":[{\"@type\":\"SearchAction\",\"target\":{\"@type\":\"EntryPoint\",\"urlTemplate\":\"https:\\\/\\\/garden-label.pl\\\/sklep\\\/?s={search_term_string}\"},\"query-input\":{\"@type\":\"PropertyValueSpecification\",\"valueRequired\":true,\"valueName\":\"search_term_string\"}}],\"inLanguage\":\"pl-PL\"},{\"@type\":\"Organization\",\"@id\":\"https:\\\/\\\/garden-label.pl\\\/sklep\\\/#organization\",\"name\":\"Sklep Garden-Label: etykiety dla ogrodnictwa, drukarki, oprogramowanie\",\"url\":\"https:\\\/\\\/garden-label.pl\\\/sklep\\\/\",\"logo\":{\"@type\":\"ImageObject\",\"inLanguage\":\"pl-PL\",\"@id\":\"https:\\\/\\\/garden-label.pl\\\/sklep\\\/#\\\/schema\\\/logo\\\/image\\\/\",\"url\":\"https:\\\/\\\/garden-label.pl\\\/sklep\\\/wp-content\\\/uploads\\\/2024\\\/01\\\/GardenLabel-pastelowe.png\",\"contentUrl\":\"https:\\\/\\\/garden-label.pl\\\/sklep\\\/wp-content\\\/uploads\\\/2024\\\/01\\\/GardenLabel-pastelowe.png\",\"width\":2566,\"height\":1054,\"caption\":\"Sklep Garden-Label: etykiety dla ogrodnictwa, drukarki, oprogramowanie\"},\"image\":{\"@id\":\"https:\\\/\\\/garden-label.pl\\\/sklep\\\/#\\\/schema\\\/logo\\\/image\\\/\"},\"sameAs\":[\"https:\\\/\\\/www.facebook.com\\\/gardenlabelpl\"]}]}<\/script>\n<meta property=\"product:brand\" content=\"Garden-Label.pl\" \/>\n<meta property=\"product:price:amount\" content=\"299.50\" \/>\n<meta property=\"product:price:currency\" content=\"PLN\" \/>\n<meta property=\"og:availability\" content=\"instock\" \/>\n<meta property=\"product:availability\" content=\"instock\" \/>\n<meta property=\"product:retailer_item_id\" content=\"5906477685878\" \/>\n<meta property=\"product:condition\" content=\"new\" \/>\n<!-- \/ Yoast SEO Premium plugin. -->","yoast_head_json":{"title":"Tabliczka ogrodowa wtykana, 155x105x450 mm, CZARNA, Aluminium zestaw 10 szt - Sklep Garden-Label: etykiety dla ogrodnictwa","robots":{"index":"index","follow":"follow","max-snippet":"max-snippet:-1","max-image-preview":"max-image-preview:large","max-video-preview":"max-video-preview:-1"},"canonical":"https:\/\/garden-label.pl\/sklep\/produkt\/tabliczka-ogrodowa-wtykana-155x105x450-mm-czarna-aluminium-zestaw-10-szt-2\/","og_locale":"pl_PL","og_type":"article","og_title":"Tabliczka ogrodowa wtykana, 155x105x450 mm, CZARNA, Aluminium zestaw 10 szt","og_description":"Tabliczka ogrodowa wtykana to niezwykle praktyczny i stylowy element ka\u017cdego ogrodu. Wykonana z wysokiej jako\u015bci aluminium, tabliczka charakteryzuje si\u0119 trwa\u0142o\u015bci\u0105 oraz odporno\u015bci\u0105 na r\u00f3\u017cnorodne warunki... wi\u0119cej","og_url":"https:\/\/garden-label.pl\/sklep\/produkt\/tabliczka-ogrodowa-wtykana-155x105x450-mm-czarna-aluminium-zestaw-10-szt-2\/","og_site_name":"Sklep Garden-Label: etykiety dla ogrodnictwa","article_publisher":"https:\/\/www.facebook.com\/gardenlabelpl","article_modified_time":"2026-03-16T10:28:34+00:00","twitter_card":"summary_large_image","twitter_misc":{"Cena":"299,50&nbsp;&#122;&#322;","Dost\u0119pno\u015b\u0107":"Dost\u0119pny"},"schema":{"@context":"https:\/\/schema.org","@graph":[{"@type":"WebPage","@id":"https:\/\/garden-label.pl\/sklep\/produkt\/tabliczka-ogrodowa-wtykana-155x105x450-mm-czarna-aluminium-zestaw-10-szt-2\/","url":"https:\/\/garden-label.pl\/sklep\/produkt\/tabliczka-ogrodowa-wtykana-155x105x450-mm-czarna-aluminium-zestaw-10-szt-2\/","name":"Tabliczka ogrodowa wtykana, 155x105x450 mm, CZARNA, Aluminium zestaw 10 szt - Sklep Garden-Label: etykiety dla ogrodnictwa","isPartOf":{"@id":"https:\/\/garden-label.pl\/sklep\/#website"},"primaryImageOfPage":{"@id":"https:\/\/garden-label.pl\/sklep\/produkt\/tabliczka-ogrodowa-wtykana-155x105x450-mm-czarna-aluminium-zestaw-10-szt-2\/#primaryimage"},"image":{"@id":"https:\/\/garden-label.pl\/sklep\/produkt\/tabliczka-ogrodowa-wtykana-155x105x450-mm-czarna-aluminium-zestaw-10-szt-2\/#primaryimage"},"thumbnailUrl":"https:\/\/garden-label.pl\/sklep\/wp-content\/uploads\/2025\/11\/4baf28de1e6a438b015dcdfcf2ef679d.jpg","datePublished":"2025-11-03T08:29:24+00:00","dateModified":"2026-03-16T10:28:34+00:00","breadcrumb":{"@id":"https:\/\/garden-label.pl\/sklep\/produkt\/tabliczka-ogrodowa-wtykana-155x105x450-mm-czarna-aluminium-zestaw-10-szt-2\/#breadcrumb"},"inLanguage":"pl-PL","potentialAction":[{"@type":"ReadAction","target":["https:\/\/garden-label.pl\/sklep\/produkt\/tabliczka-ogrodowa-wtykana-155x105x450-mm-czarna-aluminium-zestaw-10-szt-2\/"]}]},{"@type":"ImageObject","inLanguage":"pl-PL","@id":"https:\/\/garden-label.pl\/sklep\/produkt\/tabliczka-ogrodowa-wtykana-155x105x450-mm-czarna-aluminium-zestaw-10-szt-2\/#primaryimage","url":"https:\/\/garden-label.pl\/sklep\/wp-content\/uploads\/2025\/11\/4baf28de1e6a438b015dcdfcf2ef679d.jpg","contentUrl":"https:\/\/garden-label.pl\/sklep\/wp-content\/uploads\/2025\/11\/4baf28de1e6a438b015dcdfcf2ef679d.jpg","width":1920,"height":2560,"caption":"c3d2bfc42420c90d3d9d51d5bd55917f"},{"@type":"BreadcrumbList","@id":"https:\/\/garden-label.pl\/sklep\/produkt\/tabliczka-ogrodowa-wtykana-155x105x450-mm-czarna-aluminium-zestaw-10-szt-2\/#breadcrumb","itemListElement":[{"@type":"ListItem","position":1,"name":"Strona g\u0142\u00f3wna","item":"https:\/\/garden-label.pl\/sklep\/"},{"@type":"ListItem","position":2,"name":"Home","item":"https:\/\/garden-label.pl\/sklep\/"},{"@type":"ListItem","position":3,"name":"Tabliczka ogrodowa wtykana, 155x105x450 mm, CZARNA, Aluminium zestaw 10 szt"}]},{"@type":"WebSite","@id":"https:\/\/garden-label.pl\/sklep\/#website","url":"https:\/\/garden-label.pl\/sklep\/","name":"Sklep Garden-Label: etykiety dla ogrodnictwa, drukarki, oprogramowanie","description":"ETYKIETY OGRODNICZE INFORMATYZACJA SZK\u00d3\u0141EK PASZPORTY RO\u015aLIN SKLEPY INTERNETOWE","publisher":{"@id":"https:\/\/garden-label.pl\/sklep\/#organization"},"potentialAction":[{"@type":"SearchAction","target":{"@type":"EntryPoint","urlTemplate":"https:\/\/garden-label.pl\/sklep\/?s={search_term_string}"},"query-input":{"@type":"PropertyValueSpecification","valueRequired":true,"valueName":"search_term_string"}}],"inLanguage":"pl-PL"},{"@type":"Organization","@id":"https:\/\/garden-label.pl\/sklep\/#organization","name":"Sklep Garden-Label: etykiety dla ogrodnictwa, drukarki, oprogramowanie","url":"https:\/\/garden-label.pl\/sklep\/","logo":{"@type":"ImageObject","inLanguage":"pl-PL","@id":"https:\/\/garden-label.pl\/sklep\/#\/schema\/logo\/image\/","url":"https:\/\/garden-label.pl\/sklep\/wp-content\/uploads\/2024\/01\/GardenLabel-pastelowe.png","contentUrl":"https:\/\/garden-label.pl\/sklep\/wp-content\/uploads\/2024\/01\/GardenLabel-pastelowe.png","width":2566,"height":1054,"caption":"Sklep Garden-Label: etykiety dla ogrodnictwa, drukarki, oprogramowanie"},"image":{"@id":"https:\/\/garden-label.pl\/sklep\/#\/schema\/logo\/image\/"},"sameAs":["https:\/\/www.facebook.com\/gardenlabelpl"]}]},"product_brand":"Garden-Label.pl","product_price_amount":"299.50","product_price_currency":"PLN","og_availability":"instock","product_availability":"instock","product_retailer_item_id":"5906477685878","product_condition":"new"},"_links":{"self":[{"href":"https:\/\/garden-label.pl\/sklep\/wp-json\/wp\/v2\/product\/87400","targetHints":{"allow":["GET"]}}],"collection":[{"href":"https:\/\/garden-label.pl\/sklep\/wp-json\/wp\/v2\/product"}],"about":[{"href":"https:\/\/garden-label.pl\/sklep\/wp-json\/wp\/v2\/types\/product"}],"replies":[{"embeddable":true,"href":"https:\/\/garden-label.pl\/sklep\/wp-json\/wp\/v2\/comments?post=87400"}],"version-history":[{"count":0,"href":"https:\/\/garden-label.pl\/sklep\/wp-json\/wp\/v2\/product\/87400\/revisions"}],"wp:featuredmedia":[{"embeddable":true,"href":"https:\/\/garden-label.pl\/sklep\/wp-json\/wp\/v2\/media\/87401"}],"wp:attachment":[{"href":"https:\/\/garden-label.pl\/sklep\/wp-json\/wp\/v2\/media?parent=87400"}],"wp:term":[{"taxonomy":"product_brand","embeddable":true,"href":"https:\/\/garden-label.pl\/sklep\/wp-json\/wp\/v2\/product_brand?post=87400"},{"taxonomy":"product_cat","embeddable":true,"href":"https:\/\/garden-label.pl\/sklep\/wp-json\/wp\/v2\/product_cat?post=87400"},{"taxonomy":"product_tag","embeddable":true,"href":"https:\/\/garden-label.pl\/sklep\/wp-json\/wp\/v2\/product_tag?post=87400"}],"curies":[{"name":"wp","href":"https:\/\/api.w.org\/{rel}","templated":true}]}}