{"id":6777,"date":"2024-07-06T08:28:53","date_gmt":"2024-07-06T06:28:53","guid":{"rendered":"https:\/\/garden-label.pl\/sklep\/produkt\/etykiety-ogrodnicze-wtykane-strzalki-biale-105mmx235mm-2500-sztuk\/"},"modified":"2026-04-02T16:31:15","modified_gmt":"2026-04-02T14:31:15","slug":"etykiety-ogrodnicze-wtykane-strzalki-biale-105mmx235mm-2500-sztuk","status":"publish","type":"product","link":"https:\/\/garden-label.pl\/sklep\/produkt\/etykiety-ogrodnicze-wtykane-strzalki-biale-105mmx235mm-2500-sztuk\/","title":{"rendered":"Etykiety ogrodnicze wtykane strza\u0142ki BIA\u0141E 105mmx23,5mm 2500 sztuk"},"content":{"rendered":"<section class=\"section\">\n<div class=\"item item-12\">\n<section class=\"image-item\"><img decoding=\"async\" src=\"https:\/\/upload.cdn.baselinker.com\/products\/6003689\/feb4ccd6a71b5338da0b3b5b17fe88ed.jpg\"><\/section>\n<\/p><\/div>\n<\/section>\n<section class=\"section\">\n<div class=\"item item-12\">\n<section class=\"text-item\">\n<h2>Etykiety &#8211; znaczniki do druku termotransferowego oraz do pisania r\u0119cznego markerem, wtykane, strza\u0142ki, o wymiarach 105 mm x 23,5 mm<\/h2>\n<h2>2500 sztuk etykiet w opakowaniu.<\/h2>\n<p>Etykiety s\u0105 zaprojektowane tak, aby wytrzyma\u0107 deszcz, promienie s\u0142oneczne i inne zewn\u0119trzne warunki, co zapewnia, \u017ce informacje pozostan\u0105 czytelne przez d\u0142ugi czas. S\u0105 idealne do oznaczania ro\u015blin w ogrodach, szk\u00f3\u0142kach, sadowniczych i rolniczych aplikacjach, gdzie potrzebne jest trwa\u0142e i d\u0142ugotrwa\u0142e oznakowanie.<\/p>\n<\/section><\/div>\n<\/section>\n<section class=\"section\">\n<div class=\"item item-6\">\n<section class=\"image-item\"><img decoding=\"async\" src=\"https:\/\/upload.cdn.baselinker.com\/products\/6003689\/a6114fc5e888835fea58bcb08cd57484.jpg\"><\/section>\n<\/p><\/div>\n<div class=\"item item-6\">\n<section class=\"text-item\">\n<p>Produkujemy specjalistyczne etykiety dla ogrodnictwa od ponad <b>10 lat<\/b><\/p>\n<p>wymiary pojedynczej etykiety:<\/p>\n<p>d\u0142ugo\u015b\u0107 105 mm x szeroko\u015b\u0107 23,5 mm<\/p>\n<p>materia\u0142 PVC\/PCV, grubo\u015b\u0107 250 mikron\u00f3w<\/p>\n<p>kolor: bia\u0142a<\/p>\n<p>ilo\u015b\u0107: 1000 sztuk<\/p>\n<p>gilza\/tutka: 76 mm<\/p>\n<p><b>Etykiety wtykane mo\u017cna r\u00f3wnie\u017c opisa\u0107 markerem ogrodniczym, dost\u0119pnym w naszej ofercie w kolorach: czarnym, zielonym, czerwonym, niebieskim.<\/b><\/p>\n<\/section><\/div>\n<\/section>\n<section class=\"section\">\n<div class=\"item item-6\">\n<section class=\"text-item\">\n<p>Etykiety wtykane z wytrzyma\u0142ego materia\u0142u do oznaczenia ro\u015blin w doniczkach i skrzynkach oraz sadzonek w multiplatach. Strza\u0142ki przeznaczone s\u0105 do oznaczenia ro\u015bliny poprzez umieszczenie etykiety w ziemi. Zako\u0144czona jednostronnie tzw. &#8222;strza\u0142k\u0105&#8221;, by \u0142atwo j\u0105 by\u0142o pionowo wbi\u0107 w pod\u0142o\u017ce. Nie zawiera kleju. Zalety produktu: \u0141atwa i wygodna w u\u017cyciu &#8211; wystarczy oderwa\u0107 etykiet\u0119 od pozosta\u0142ych i wetkn\u0105\u0107 j\u0105 w pod\u0142o\u017ce. Wysoce odporna na warunki atmosferyczne. Do stosowania w warunkach zewn\u0119trznych i wewn\u0119trznych. Idealna do opisania d\u0142ugopisem, o\u0142\u00f3wkiem, markerem lub do zadrukowania w drukarce termotransferowej. Etykieta wtykana jako wizyt\u00f3wka ro\u015bliny Etykieta wtykana jest wygodn\u0105 form\u0105 oznaczenia ro\u015bliny. Wymiary etykiety pozwalaj\u0105 zawrze\u0107 na niej wszystkie, niezb\u0119dne do opisania ro\u015bliny informacje: nazw\u0119 polsk\u0105, nazw\u0119 \u0142aci\u0144sk\u0105, kod produktu, cen\u0119 a tak\u017ce warunki piel\u0119gnacji a nawet logo szk\u00f3\u0142ki.<\/p>\n<\/section><\/div>\n<div class=\"item item-6\">\n<section class=\"image-item\"><img decoding=\"async\" src=\"https:\/\/upload.cdn.baselinker.com\/products\/6003689\/e3716312ccbf3f9ecf3a546247b41abb.jpg\"><\/section>\n<\/p><\/div>\n<\/section>\n<section class=\"section\">\n<div class=\"item item-6\">\n<section class=\"image-item\"><img decoding=\"async\" src=\"https:\/\/upload.cdn.baselinker.com\/products\/6003689\/f979ec5456548b59982a43ebbc3e6c65.jpg\"><\/section>\n<\/p><\/div>\n<div class=\"item item-6\">\n<section class=\"image-item\"><img decoding=\"async\" src=\"https:\/\/upload.cdn.baselinker.com\/products\/6003689\/9460da6b87c410b30e78bcc6e0bb4df6.jpg\"><\/section>\n<\/p><\/div>\n<\/section>\n<section class=\"section\">\n<div class=\"item item-6\">\n<section class=\"image-item\"><img decoding=\"async\" src=\"https:\/\/upload.cdn.baselinker.com\/products\/6003689\/7a750ae0be4380158d38135a3a84db1a.jpg\"><\/section>\n<\/p><\/div>\n<div class=\"item item-6\">\n<section class=\"image-item\"><img decoding=\"async\" src=\"https:\/\/upload.cdn.baselinker.com\/products\/6003689\/a706e51f221b2db898496ac683172b88.jpg\"><\/section>\n<\/p><\/div>\n<\/section>\n<section class=\"section\">\n<div class=\"item item-12\">\n<section class=\"image-item\"><img decoding=\"async\" src=\"https:\/\/upload.cdn.baselinker.com\/products\/6003689\/feb4ccd6a71b5338da0b3b5b17fe88ed.jpg\"><\/section>\n<\/p><\/div>\n<\/section>\n<p>Instrukcja obs\u0142ugi: https:\/\/garden-label.pl\/instrukcje\/<\/p>\n<p>producent\/przedstawiciel\/informacje o bezpiecze\u0144stwie: https:\/\/anetpol.pl\/regulamin-sklepu-internetowego\/<br \/>biuro@anetpol.pl<\/p>\n","protected":false},"excerpt":{"rendered":"<section class=\"section\">\n<div class=\"item item-12\">\n<section class=\"text-item\">\n<p><strong>Etykiety ogrodnicze wtykane strza\u0142ki BIA\u0141E 105mmx23,5mm 2500 sztuk<\/strong><\/p>\n<\/section><\/div>\n<\/section>\n<section class=\"section\">\n<div class=\"item item-12\">\n<section class=\"text-item\">\n<ul>\n<li><strong>Produkt wielofunkcyjny:<\/strong> Etykiety wtykane strza\u0142ki to niezawodne znaczniki, kt\u00f3re mo\u017cesz&#8230; <a href=\"https:\/\/garden-label.pl\/sklep\/produkt\/etykiety-ogrodnicze-wtykane-strzalki-biale-105mmx235mm-2500-sztuk\/\">wi\u0119cej<\/a><br \/>\n","protected":false},"featured_media":86739,"comment_status":"open","ping_status":"closed","template":"","meta":[],"product_brand":[910],"product_cat":[1087,1084,1088,1085,1086,1102,15],"product_tag":[1082,899,995,902,1083,919],"class_list":{"0":"post-6777","1":"product","2":"type-product","3":"status-publish","4":"has-post-thumbnail","6":"product_brand-garden-label-pl","7":"product_cat-akcesoria","8":"product_cat-dom-i-ogrod","9":"product_cat-etykiety-i-tabliczki","10":"product_cat-ogrod","11":"product_cat-rosliny","12":"product_cat-wtykane","13":"product_cat-sklep","14":"product_tag-anetpol","15":"product_tag-etykiety-ogrodnicze","16":"product_tag-etykiety-wtykane","17":"product_tag-garden-label","18":"product_tag-supermerchant","19":"product_tag-wydruki","20":"sales-flash-overlay","21":"woocommerce-text-align-left","22":"woocommerce-image-align-center","23":"do-quantity-buttons","24":"wc-has-gallery","26":"first","27":"instock","28":"taxable","29":"shipping-taxable","30":"purchasable","31":"product-type-simple"},"yoast_head":"<!-- This site is optimized with the Yoast SEO Premium plugin v26.3 (Yoast SEO v27.3) - https:\/\/yoast.com\/product\/yoast-seo-premium-wordpress\/ -->\n<title>Etykiety ogrodnicze wtykane strza\u0142ki BIA\u0141E 105mmx23,5mm 2500 sztuk - Sklep Garden-Label: etykiety dla ogrodnictwa<\/title>\n<meta name=\"robots\" content=\"index, follow, max-snippet:-1, max-image-preview:large, max-video-preview:-1\" \/>\n<link rel=\"canonical\" href=\"https:\/\/garden-label.pl\/sklep\/produkt\/etykiety-ogrodnicze-wtykane-strzalki-biale-105mmx235mm-2500-sztuk\/\" \/>\n<meta property=\"og:locale\" content=\"pl_PL\" \/>\n<meta property=\"og:type\" content=\"article\" \/>\n<meta property=\"og:title\" content=\"Etykiety ogrodnicze wtykane strza\u0142ki BIA\u0141E 105mmx23,5mm 2500 sztuk\" \/>\n<meta property=\"og:description\" content=\"Etykiety ogrodnicze wtykane strza\u0142ki BIA\u0141E 105mmx23,5mm 2500 sztuk     Produkt wielofunkcyjny: Etykiety wtykane strza\u0142ki to niezawodne znaczniki, kt\u00f3re mo\u017cesz... wi\u0119cej\" \/>\n<meta property=\"og:url\" content=\"https:\/\/garden-label.pl\/sklep\/produkt\/etykiety-ogrodnicze-wtykane-strzalki-biale-105mmx235mm-2500-sztuk\/\" \/>\n<meta property=\"og:site_name\" content=\"Sklep Garden-Label: etykiety dla ogrodnictwa\" \/>\n<meta property=\"article:publisher\" content=\"https:\/\/www.facebook.com\/gardenlabelpl\" \/>\n<meta property=\"article:modified_time\" content=\"2026-04-02T14:31:15+00:00\" \/>\n<meta property=\"og:image\" content=\"https:\/\/garden-label.pl\/sklep\/wp-content\/uploads\/2025\/10\/a6114fc5e888835fea58bcb08cd57484.jpg\" \/>\n\t<meta property=\"og:image:width\" content=\"433\" \/>\n\t<meta property=\"og:image:height\" content=\"577\" \/>\n\t<meta property=\"og:image:type\" content=\"image\/jpeg\" \/>\n<meta name=\"twitter:card\" content=\"summary_large_image\" \/>\n<meta name=\"twitter:label1\" content=\"Cena\" \/>\n\t<meta name=\"twitter:data1\" content=\"169,45&nbsp;&#122;&#322;\" \/>\n\t<meta name=\"twitter:label2\" content=\"Dost\u0119pno\u015b\u0107\" \/>\n\t<meta name=\"twitter:data2\" content=\"Dost\u0119pny\" \/>\n<script type=\"application\/ld+json\" class=\"yoast-schema-graph\">{\"@context\":\"https:\\\/\\\/schema.org\",\"@graph\":[{\"@type\":\"WebPage\",\"@id\":\"https:\\\/\\\/garden-label.pl\\\/sklep\\\/produkt\\\/etykiety-ogrodnicze-wtykane-strzalki-biale-105mmx235mm-2500-sztuk\\\/\",\"url\":\"https:\\\/\\\/garden-label.pl\\\/sklep\\\/produkt\\\/etykiety-ogrodnicze-wtykane-strzalki-biale-105mmx235mm-2500-sztuk\\\/\",\"name\":\"Etykiety ogrodnicze wtykane strza\u0142ki BIA\u0141E 105mmx23,5mm 2500 sztuk - Sklep Garden-Label: etykiety dla ogrodnictwa\",\"isPartOf\":{\"@id\":\"https:\\\/\\\/garden-label.pl\\\/sklep\\\/#website\"},\"primaryImageOfPage\":{\"@id\":\"https:\\\/\\\/garden-label.pl\\\/sklep\\\/produkt\\\/etykiety-ogrodnicze-wtykane-strzalki-biale-105mmx235mm-2500-sztuk\\\/#primaryimage\"},\"image\":{\"@id\":\"https:\\\/\\\/garden-label.pl\\\/sklep\\\/produkt\\\/etykiety-ogrodnicze-wtykane-strzalki-biale-105mmx235mm-2500-sztuk\\\/#primaryimage\"},\"thumbnailUrl\":\"https:\\\/\\\/garden-label.pl\\\/sklep\\\/wp-content\\\/uploads\\\/2025\\\/10\\\/a6114fc5e888835fea58bcb08cd57484.jpg\",\"datePublished\":\"2024-07-06T06:28:53+00:00\",\"dateModified\":\"2026-04-02T14:31:15+00:00\",\"breadcrumb\":{\"@id\":\"https:\\\/\\\/garden-label.pl\\\/sklep\\\/produkt\\\/etykiety-ogrodnicze-wtykane-strzalki-biale-105mmx235mm-2500-sztuk\\\/#breadcrumb\"},\"inLanguage\":\"pl-PL\",\"potentialAction\":[{\"@type\":\"ReadAction\",\"target\":[\"https:\\\/\\\/garden-label.pl\\\/sklep\\\/produkt\\\/etykiety-ogrodnicze-wtykane-strzalki-biale-105mmx235mm-2500-sztuk\\\/\"]}]},{\"@type\":\"ImageObject\",\"inLanguage\":\"pl-PL\",\"@id\":\"https:\\\/\\\/garden-label.pl\\\/sklep\\\/produkt\\\/etykiety-ogrodnicze-wtykane-strzalki-biale-105mmx235mm-2500-sztuk\\\/#primaryimage\",\"url\":\"https:\\\/\\\/garden-label.pl\\\/sklep\\\/wp-content\\\/uploads\\\/2025\\\/10\\\/a6114fc5e888835fea58bcb08cd57484.jpg\",\"contentUrl\":\"https:\\\/\\\/garden-label.pl\\\/sklep\\\/wp-content\\\/uploads\\\/2025\\\/10\\\/a6114fc5e888835fea58bcb08cd57484.jpg\",\"width\":433,\"height\":577,\"caption\":\"8ce464b372f2965c401f6af2680ca4bd\"},{\"@type\":\"BreadcrumbList\",\"@id\":\"https:\\\/\\\/garden-label.pl\\\/sklep\\\/produkt\\\/etykiety-ogrodnicze-wtykane-strzalki-biale-105mmx235mm-2500-sztuk\\\/#breadcrumb\",\"itemListElement\":[{\"@type\":\"ListItem\",\"position\":1,\"name\":\"Strona g\u0142\u00f3wna\",\"item\":\"https:\\\/\\\/garden-label.pl\\\/sklep\\\/\"},{\"@type\":\"ListItem\",\"position\":2,\"name\":\"Home\",\"item\":\"https:\\\/\\\/garden-label.pl\\\/sklep\\\/\"},{\"@type\":\"ListItem\",\"position\":3,\"name\":\"Etykiety ogrodnicze wtykane strza\u0142ki BIA\u0141E 105mmx23,5mm 2500 sztuk\"}]},{\"@type\":\"WebSite\",\"@id\":\"https:\\\/\\\/garden-label.pl\\\/sklep\\\/#website\",\"url\":\"https:\\\/\\\/garden-label.pl\\\/sklep\\\/\",\"name\":\"Sklep Garden-Label: etykiety dla ogrodnictwa, drukarki, oprogramowanie\",\"description\":\"ETYKIETY OGRODNICZE INFORMATYZACJA SZK\u00d3\u0141EK PASZPORTY RO\u015aLIN SKLEPY INTERNETOWE\",\"publisher\":{\"@id\":\"https:\\\/\\\/garden-label.pl\\\/sklep\\\/#organization\"},\"potentialAction\":[{\"@type\":\"SearchAction\",\"target\":{\"@type\":\"EntryPoint\",\"urlTemplate\":\"https:\\\/\\\/garden-label.pl\\\/sklep\\\/?s={search_term_string}\"},\"query-input\":{\"@type\":\"PropertyValueSpecification\",\"valueRequired\":true,\"valueName\":\"search_term_string\"}}],\"inLanguage\":\"pl-PL\"},{\"@type\":\"Organization\",\"@id\":\"https:\\\/\\\/garden-label.pl\\\/sklep\\\/#organization\",\"name\":\"Sklep Garden-Label: etykiety dla ogrodnictwa, drukarki, oprogramowanie\",\"url\":\"https:\\\/\\\/garden-label.pl\\\/sklep\\\/\",\"logo\":{\"@type\":\"ImageObject\",\"inLanguage\":\"pl-PL\",\"@id\":\"https:\\\/\\\/garden-label.pl\\\/sklep\\\/#\\\/schema\\\/logo\\\/image\\\/\",\"url\":\"https:\\\/\\\/garden-label.pl\\\/sklep\\\/wp-content\\\/uploads\\\/2024\\\/01\\\/GardenLabel-pastelowe.png\",\"contentUrl\":\"https:\\\/\\\/garden-label.pl\\\/sklep\\\/wp-content\\\/uploads\\\/2024\\\/01\\\/GardenLabel-pastelowe.png\",\"width\":2566,\"height\":1054,\"caption\":\"Sklep Garden-Label: etykiety dla ogrodnictwa, drukarki, oprogramowanie\"},\"image\":{\"@id\":\"https:\\\/\\\/garden-label.pl\\\/sklep\\\/#\\\/schema\\\/logo\\\/image\\\/\"},\"sameAs\":[\"https:\\\/\\\/www.facebook.com\\\/gardenlabelpl\"]}]}<\/script>\n<meta property=\"product:brand\" content=\"Garden-Label.pl\" \/>\n<meta property=\"product:price:amount\" content=\"169.45\" \/>\n<meta property=\"product:price:currency\" content=\"PLN\" \/>\n<meta property=\"og:availability\" content=\"instock\" \/>\n<meta property=\"product:availability\" content=\"instock\" \/>\n<meta property=\"product:retailer_item_id\" content=\"5906792140618\" \/>\n<meta property=\"product:condition\" content=\"new\" \/>\n<!-- \/ Yoast SEO Premium plugin. -->","yoast_head_json":{"title":"Etykiety ogrodnicze wtykane strza\u0142ki BIA\u0141E 105mmx23,5mm 2500 sztuk - Sklep Garden-Label: etykiety dla ogrodnictwa","robots":{"index":"index","follow":"follow","max-snippet":"max-snippet:-1","max-image-preview":"max-image-preview:large","max-video-preview":"max-video-preview:-1"},"canonical":"https:\/\/garden-label.pl\/sklep\/produkt\/etykiety-ogrodnicze-wtykane-strzalki-biale-105mmx235mm-2500-sztuk\/","og_locale":"pl_PL","og_type":"article","og_title":"Etykiety ogrodnicze wtykane strza\u0142ki BIA\u0141E 105mmx23,5mm 2500 sztuk","og_description":"Etykiety ogrodnicze wtykane strza\u0142ki BIA\u0141E 105mmx23,5mm 2500 sztuk     Produkt wielofunkcyjny: Etykiety wtykane strza\u0142ki to niezawodne znaczniki, kt\u00f3re mo\u017cesz... wi\u0119cej","og_url":"https:\/\/garden-label.pl\/sklep\/produkt\/etykiety-ogrodnicze-wtykane-strzalki-biale-105mmx235mm-2500-sztuk\/","og_site_name":"Sklep Garden-Label: etykiety dla ogrodnictwa","article_publisher":"https:\/\/www.facebook.com\/gardenlabelpl","article_modified_time":"2026-04-02T14:31:15+00:00","og_image":[{"width":433,"height":577,"url":"https:\/\/garden-label.pl\/sklep\/wp-content\/uploads\/2025\/10\/a6114fc5e888835fea58bcb08cd57484.jpg","type":"image\/jpeg"}],"twitter_card":"summary_large_image","twitter_misc":{"Cena":"169,45&nbsp;&#122;&#322;","Dost\u0119pno\u015b\u0107":"Dost\u0119pny"},"schema":{"@context":"https:\/\/schema.org","@graph":[{"@type":"WebPage","@id":"https:\/\/garden-label.pl\/sklep\/produkt\/etykiety-ogrodnicze-wtykane-strzalki-biale-105mmx235mm-2500-sztuk\/","url":"https:\/\/garden-label.pl\/sklep\/produkt\/etykiety-ogrodnicze-wtykane-strzalki-biale-105mmx235mm-2500-sztuk\/","name":"Etykiety ogrodnicze wtykane strza\u0142ki BIA\u0141E 105mmx23,5mm 2500 sztuk - Sklep Garden-Label: etykiety dla ogrodnictwa","isPartOf":{"@id":"https:\/\/garden-label.pl\/sklep\/#website"},"primaryImageOfPage":{"@id":"https:\/\/garden-label.pl\/sklep\/produkt\/etykiety-ogrodnicze-wtykane-strzalki-biale-105mmx235mm-2500-sztuk\/#primaryimage"},"image":{"@id":"https:\/\/garden-label.pl\/sklep\/produkt\/etykiety-ogrodnicze-wtykane-strzalki-biale-105mmx235mm-2500-sztuk\/#primaryimage"},"thumbnailUrl":"https:\/\/garden-label.pl\/sklep\/wp-content\/uploads\/2025\/10\/a6114fc5e888835fea58bcb08cd57484.jpg","datePublished":"2024-07-06T06:28:53+00:00","dateModified":"2026-04-02T14:31:15+00:00","breadcrumb":{"@id":"https:\/\/garden-label.pl\/sklep\/produkt\/etykiety-ogrodnicze-wtykane-strzalki-biale-105mmx235mm-2500-sztuk\/#breadcrumb"},"inLanguage":"pl-PL","potentialAction":[{"@type":"ReadAction","target":["https:\/\/garden-label.pl\/sklep\/produkt\/etykiety-ogrodnicze-wtykane-strzalki-biale-105mmx235mm-2500-sztuk\/"]}]},{"@type":"ImageObject","inLanguage":"pl-PL","@id":"https:\/\/garden-label.pl\/sklep\/produkt\/etykiety-ogrodnicze-wtykane-strzalki-biale-105mmx235mm-2500-sztuk\/#primaryimage","url":"https:\/\/garden-label.pl\/sklep\/wp-content\/uploads\/2025\/10\/a6114fc5e888835fea58bcb08cd57484.jpg","contentUrl":"https:\/\/garden-label.pl\/sklep\/wp-content\/uploads\/2025\/10\/a6114fc5e888835fea58bcb08cd57484.jpg","width":433,"height":577,"caption":"8ce464b372f2965c401f6af2680ca4bd"},{"@type":"BreadcrumbList","@id":"https:\/\/garden-label.pl\/sklep\/produkt\/etykiety-ogrodnicze-wtykane-strzalki-biale-105mmx235mm-2500-sztuk\/#breadcrumb","itemListElement":[{"@type":"ListItem","position":1,"name":"Strona g\u0142\u00f3wna","item":"https:\/\/garden-label.pl\/sklep\/"},{"@type":"ListItem","position":2,"name":"Home","item":"https:\/\/garden-label.pl\/sklep\/"},{"@type":"ListItem","position":3,"name":"Etykiety ogrodnicze wtykane strza\u0142ki BIA\u0141E 105mmx23,5mm 2500 sztuk"}]},{"@type":"WebSite","@id":"https:\/\/garden-label.pl\/sklep\/#website","url":"https:\/\/garden-label.pl\/sklep\/","name":"Sklep Garden-Label: etykiety dla ogrodnictwa, drukarki, oprogramowanie","description":"ETYKIETY OGRODNICZE INFORMATYZACJA SZK\u00d3\u0141EK PASZPORTY RO\u015aLIN SKLEPY INTERNETOWE","publisher":{"@id":"https:\/\/garden-label.pl\/sklep\/#organization"},"potentialAction":[{"@type":"SearchAction","target":{"@type":"EntryPoint","urlTemplate":"https:\/\/garden-label.pl\/sklep\/?s={search_term_string}"},"query-input":{"@type":"PropertyValueSpecification","valueRequired":true,"valueName":"search_term_string"}}],"inLanguage":"pl-PL"},{"@type":"Organization","@id":"https:\/\/garden-label.pl\/sklep\/#organization","name":"Sklep Garden-Label: etykiety dla ogrodnictwa, drukarki, oprogramowanie","url":"https:\/\/garden-label.pl\/sklep\/","logo":{"@type":"ImageObject","inLanguage":"pl-PL","@id":"https:\/\/garden-label.pl\/sklep\/#\/schema\/logo\/image\/","url":"https:\/\/garden-label.pl\/sklep\/wp-content\/uploads\/2024\/01\/GardenLabel-pastelowe.png","contentUrl":"https:\/\/garden-label.pl\/sklep\/wp-content\/uploads\/2024\/01\/GardenLabel-pastelowe.png","width":2566,"height":1054,"caption":"Sklep Garden-Label: etykiety dla ogrodnictwa, drukarki, oprogramowanie"},"image":{"@id":"https:\/\/garden-label.pl\/sklep\/#\/schema\/logo\/image\/"},"sameAs":["https:\/\/www.facebook.com\/gardenlabelpl"]}]},"product_brand":"Garden-Label.pl","product_price_amount":"169.45","product_price_currency":"PLN","og_availability":"instock","product_availability":"instock","product_retailer_item_id":"5906792140618","product_condition":"new"},"_links":{"self":[{"href":"https:\/\/garden-label.pl\/sklep\/wp-json\/wp\/v2\/product\/6777","targetHints":{"allow":["GET"]}}],"collection":[{"href":"https:\/\/garden-label.pl\/sklep\/wp-json\/wp\/v2\/product"}],"about":[{"href":"https:\/\/garden-label.pl\/sklep\/wp-json\/wp\/v2\/types\/product"}],"replies":[{"embeddable":true,"href":"https:\/\/garden-label.pl\/sklep\/wp-json\/wp\/v2\/comments?post=6777"}],"version-history":[{"count":0,"href":"https:\/\/garden-label.pl\/sklep\/wp-json\/wp\/v2\/product\/6777\/revisions"}],"wp:featuredmedia":[{"embeddable":true,"href":"https:\/\/garden-label.pl\/sklep\/wp-json\/wp\/v2\/media\/86739"}],"wp:attachment":[{"href":"https:\/\/garden-label.pl\/sklep\/wp-json\/wp\/v2\/media?parent=6777"}],"wp:term":[{"taxonomy":"product_brand","embeddable":true,"href":"https:\/\/garden-label.pl\/sklep\/wp-json\/wp\/v2\/product_brand?post=6777"},{"taxonomy":"product_cat","embeddable":true,"href":"https:\/\/garden-label.pl\/sklep\/wp-json\/wp\/v2\/product_cat?post=6777"},{"taxonomy":"product_tag","embeddable":true,"href":"https:\/\/garden-label.pl\/sklep\/wp-json\/wp\/v2\/product_tag?post=6777"}],"curies":[{"name":"wp","href":"https:\/\/api.w.org\/{rel}","templated":true}]}}