{"id":38332,"date":"2025-09-24T12:21:48","date_gmt":"2025-09-24T10:21:48","guid":{"rendered":"https:\/\/garden-label.pl\/sklep\/produkt\/tasma-kalka-termotransferowa-ttr-woskowa-wax-64mm-x-74m-na-papier-64x74-nc\/"},"modified":"2026-04-02T07:47:52","modified_gmt":"2026-04-02T05:47:52","slug":"tasma-kalka-termotransferowa-ttr-woskowa-wax-64mm-x-74m-na-papier-64x74-nc","status":"publish","type":"product","link":"https:\/\/garden-label.pl\/sklep\/produkt\/tasma-kalka-termotransferowa-ttr-woskowa-wax-64mm-x-74m-na-papier-64x74-nc\/","title":{"rendered":"Ta\u015bma\/Kalka termotransferowa TTR  Woskowa (WAX) na papier (64mm x 74m)NC"},"content":{"rendered":"<p>Ta\u015bma termotransferowa TTR Woskowa (WAX) o wymiarach 64mm x 74m jest doskona\u0142ym rozwi\u0105zaniem do druku na etykietach papierowych. Przeznaczona do codziennego u\u017cytku w r\u00f3\u017cnych \u015brodowiskach, ta\u015bma ta charakteryzuje si\u0119 wszechstronno\u015bci\u0105 i wysok\u0105 jako\u015bci\u0105, co czyni j\u0105 idealnym wyborem dla profesjonalnych zastosowa\u0144.<\/p>\n<p>Produkt zosta\u0142 zaprojektowany z my\u015bl\u0105 o drukowaniu danych tekstowych, liczbowych oraz kod\u00f3w kreskowych, co jest niezb\u0119dne do efektywnej identyfikacji i organizacji produkt\u00f3w. Zastosowanie technologii termotransferowej zapewnia wyra\u017ane i trwa\u0142e wydruki dzi\u0119ki transferowi wosku na etykiet\u0119, generowanemu przez ciep\u0142o g\u0142owicy drukarki.<\/p>\n<p>Ta\u015bma TTR Woskowa jest jednym z najta\u0144szych i najpopularniejszych typ\u00f3w ta\u015bm stosowanych w drukarkach termotransferowych, co sprawia, \u017ce jest powszechnie dost\u0119pna. Idealnie nadaje si\u0119 do drukowania na etykietach papierowych, zapewniaj\u0105c r\u00f3wnocze\u015bnie wysok\u0105 zgodno\u015b\u0107 z szerok\u0105 gam\u0105 drukarek termotransferowych.<\/p>\n<p>Produkt certyfikowany jest jako nowy, w oryginalnym opakowaniu. Oferuje dwudziestoczteromiesi\u0119czn\u0105 gwarancj\u0119, co dodatkowo potwierdza jego jako\u015b\u0107 i niezawodno\u015b\u0107. .<\/p>\n<p>Szukasz ekonomicznego, ale efektywnego rozwi\u0105zania do druku etykiet? Wybierz ta\u015bm\u0119 termotransferow\u0105 TTR Woskow\u0105 \u2013 idealny wyb\u00f3r dla Twojego biznesu. <\/p>\n<p>Instrukcja obs\u0142ugi: https:\/\/garden-label.pl\/instrukcje\/<\/p>\n<p>producent\/przedstawiciel\/informacje o bezpiecze\u0144stwie: https:\/\/anetpol.pl\/regulamin-sklepu-internetowego\/<br \/>biuro@anetpol.pl<\/p>\n","protected":false},"excerpt":{"rendered":"<p>Ta\u015bma &#8211; Kalka termotransferowa TTR Woskowa (WAX) o wymiarach 64mm x 74m to doskona\u0142e rozwi\u0105zanie dla wszystkich, kt\u00f3rzy poszukuj\u0105 niezawodnego produktu do druku etykiet papierowych&#8230;. <a href=\"https:\/\/garden-label.pl\/sklep\/produkt\/tasma-kalka-termotransferowa-ttr-woskowa-wax-64mm-x-74m-na-papier-64x74-nc\/\">wi\u0119cej<\/a><\/p>\n","protected":false},"featured_media":87150,"comment_status":"open","ping_status":"closed","template":"","meta":[],"product_brand":[910],"product_cat":[1108,1107,1109,15],"product_tag":[1082,902,956,955,1083,919],"class_list":{"0":"post-38332","1":"product","2":"type-product","3":"status-publish","4":"has-post-thumbnail","6":"product_brand-garden-label-pl","7":"product_cat-czarne","8":"product_cat-kalki-tasmy-ttr","9":"product_cat-wosk","10":"product_cat-sklep","11":"product_tag-anetpol","12":"product_tag-garden-label","13":"product_tag-gilza-1-cal","14":"product_tag-kalki-tasmy-ttr","15":"product_tag-supermerchant","16":"product_tag-wydruki","17":"sales-flash-overlay","18":"woocommerce-text-align-left","19":"woocommerce-image-align-center","20":"do-quantity-buttons","21":"wc-has-gallery","23":"first","24":"instock","25":"taxable","26":"shipping-taxable","27":"purchasable","28":"product-type-simple"},"yoast_head":"<!-- This site is optimized with the Yoast SEO Premium plugin v26.3 (Yoast SEO v27.3) - https:\/\/yoast.com\/product\/yoast-seo-premium-wordpress\/ -->\n<title>Ta\u015bma\/Kalka termotransferowa TTR Woskowa (WAX) na papier (64mm x 74m)NC - Sklep Garden-Label: etykiety dla ogrodnictwa<\/title>\n<meta name=\"robots\" content=\"index, follow, max-snippet:-1, max-image-preview:large, max-video-preview:-1\" \/>\n<link rel=\"canonical\" href=\"https:\/\/garden-label.pl\/sklep\/produkt\/tasma-kalka-termotransferowa-ttr-woskowa-wax-64mm-x-74m-na-papier-64x74-nc\/\" \/>\n<meta property=\"og:locale\" content=\"pl_PL\" \/>\n<meta property=\"og:type\" content=\"article\" \/>\n<meta property=\"og:title\" content=\"Ta\u015bma\/Kalka termotransferowa TTR Woskowa (WAX) na papier (64mm x 74m)NC\" \/>\n<meta property=\"og:description\" content=\"Ta\u015bma - Kalka termotransferowa TTR Woskowa (WAX) o wymiarach 64mm x 74m to doskona\u0142e rozwi\u0105zanie dla wszystkich, kt\u00f3rzy poszukuj\u0105 niezawodnego produktu do druku etykiet papierowych.... wi\u0119cej\" \/>\n<meta property=\"og:url\" content=\"https:\/\/garden-label.pl\/sklep\/produkt\/tasma-kalka-termotransferowa-ttr-woskowa-wax-64mm-x-74m-na-papier-64x74-nc\/\" \/>\n<meta property=\"og:site_name\" content=\"Sklep Garden-Label: etykiety dla ogrodnictwa\" \/>\n<meta property=\"article:publisher\" content=\"https:\/\/www.facebook.com\/gardenlabelpl\" \/>\n<meta property=\"article:modified_time\" content=\"2026-04-02T05:47:52+00:00\" \/>\n<meta property=\"og:image\" content=\"https:\/\/garden-label.pl\/sklep\/wp-content\/uploads\/2025\/10\/5aeb204d4a4fa204ae57f39d1286592c.png\" \/>\n\t<meta property=\"og:image:width\" content=\"502\" \/>\n\t<meta property=\"og:image:height\" content=\"502\" \/>\n\t<meta property=\"og:image:type\" content=\"image\/png\" \/>\n<meta name=\"twitter:card\" content=\"summary_large_image\" \/>\n<meta name=\"twitter:label1\" content=\"Cena\" \/>\n\t<meta name=\"twitter:data1\" content=\"9,99&nbsp;&#122;&#322;\" \/>\n\t<meta name=\"twitter:label2\" content=\"Dost\u0119pno\u015b\u0107\" \/>\n\t<meta name=\"twitter:data2\" content=\"Dost\u0119pny\" \/>\n<script type=\"application\/ld+json\" class=\"yoast-schema-graph\">{\"@context\":\"https:\\\/\\\/schema.org\",\"@graph\":[{\"@type\":\"WebPage\",\"@id\":\"https:\\\/\\\/garden-label.pl\\\/sklep\\\/produkt\\\/tasma-kalka-termotransferowa-ttr-woskowa-wax-64mm-x-74m-na-papier-64x74-nc\\\/\",\"url\":\"https:\\\/\\\/garden-label.pl\\\/sklep\\\/produkt\\\/tasma-kalka-termotransferowa-ttr-woskowa-wax-64mm-x-74m-na-papier-64x74-nc\\\/\",\"name\":\"Ta\u015bma\\\/Kalka termotransferowa TTR Woskowa (WAX) na papier (64mm x 74m)NC - Sklep Garden-Label: etykiety dla ogrodnictwa\",\"isPartOf\":{\"@id\":\"https:\\\/\\\/garden-label.pl\\\/sklep\\\/#website\"},\"primaryImageOfPage\":{\"@id\":\"https:\\\/\\\/garden-label.pl\\\/sklep\\\/produkt\\\/tasma-kalka-termotransferowa-ttr-woskowa-wax-64mm-x-74m-na-papier-64x74-nc\\\/#primaryimage\"},\"image\":{\"@id\":\"https:\\\/\\\/garden-label.pl\\\/sklep\\\/produkt\\\/tasma-kalka-termotransferowa-ttr-woskowa-wax-64mm-x-74m-na-papier-64x74-nc\\\/#primaryimage\"},\"thumbnailUrl\":\"https:\\\/\\\/garden-label.pl\\\/sklep\\\/wp-content\\\/uploads\\\/2025\\\/10\\\/5aeb204d4a4fa204ae57f39d1286592c.png\",\"datePublished\":\"2025-09-24T10:21:48+00:00\",\"dateModified\":\"2026-04-02T05:47:52+00:00\",\"breadcrumb\":{\"@id\":\"https:\\\/\\\/garden-label.pl\\\/sklep\\\/produkt\\\/tasma-kalka-termotransferowa-ttr-woskowa-wax-64mm-x-74m-na-papier-64x74-nc\\\/#breadcrumb\"},\"inLanguage\":\"pl-PL\",\"potentialAction\":[{\"@type\":\"ReadAction\",\"target\":[\"https:\\\/\\\/garden-label.pl\\\/sklep\\\/produkt\\\/tasma-kalka-termotransferowa-ttr-woskowa-wax-64mm-x-74m-na-papier-64x74-nc\\\/\"]}]},{\"@type\":\"ImageObject\",\"inLanguage\":\"pl-PL\",\"@id\":\"https:\\\/\\\/garden-label.pl\\\/sklep\\\/produkt\\\/tasma-kalka-termotransferowa-ttr-woskowa-wax-64mm-x-74m-na-papier-64x74-nc\\\/#primaryimage\",\"url\":\"https:\\\/\\\/garden-label.pl\\\/sklep\\\/wp-content\\\/uploads\\\/2025\\\/10\\\/5aeb204d4a4fa204ae57f39d1286592c.png\",\"contentUrl\":\"https:\\\/\\\/garden-label.pl\\\/sklep\\\/wp-content\\\/uploads\\\/2025\\\/10\\\/5aeb204d4a4fa204ae57f39d1286592c.png\",\"width\":502,\"height\":502,\"caption\":\"8bca8b130b3e6ceb1f5dc7acacb1842e\"},{\"@type\":\"BreadcrumbList\",\"@id\":\"https:\\\/\\\/garden-label.pl\\\/sklep\\\/produkt\\\/tasma-kalka-termotransferowa-ttr-woskowa-wax-64mm-x-74m-na-papier-64x74-nc\\\/#breadcrumb\",\"itemListElement\":[{\"@type\":\"ListItem\",\"position\":1,\"name\":\"Strona g\u0142\u00f3wna\",\"item\":\"https:\\\/\\\/garden-label.pl\\\/sklep\\\/\"},{\"@type\":\"ListItem\",\"position\":2,\"name\":\"Home\",\"item\":\"https:\\\/\\\/garden-label.pl\\\/sklep\\\/\"},{\"@type\":\"ListItem\",\"position\":3,\"name\":\"Ta\u015bma\\\/Kalka termotransferowa TTR Woskowa (WAX) na papier (64mm x 74m)NC\"}]},{\"@type\":\"WebSite\",\"@id\":\"https:\\\/\\\/garden-label.pl\\\/sklep\\\/#website\",\"url\":\"https:\\\/\\\/garden-label.pl\\\/sklep\\\/\",\"name\":\"Sklep Garden-Label: etykiety dla ogrodnictwa, drukarki, oprogramowanie\",\"description\":\"ETYKIETY OGRODNICZE INFORMATYZACJA SZK\u00d3\u0141EK PASZPORTY RO\u015aLIN SKLEPY INTERNETOWE\",\"publisher\":{\"@id\":\"https:\\\/\\\/garden-label.pl\\\/sklep\\\/#organization\"},\"potentialAction\":[{\"@type\":\"SearchAction\",\"target\":{\"@type\":\"EntryPoint\",\"urlTemplate\":\"https:\\\/\\\/garden-label.pl\\\/sklep\\\/?s={search_term_string}\"},\"query-input\":{\"@type\":\"PropertyValueSpecification\",\"valueRequired\":true,\"valueName\":\"search_term_string\"}}],\"inLanguage\":\"pl-PL\"},{\"@type\":\"Organization\",\"@id\":\"https:\\\/\\\/garden-label.pl\\\/sklep\\\/#organization\",\"name\":\"Sklep Garden-Label: etykiety dla ogrodnictwa, drukarki, oprogramowanie\",\"url\":\"https:\\\/\\\/garden-label.pl\\\/sklep\\\/\",\"logo\":{\"@type\":\"ImageObject\",\"inLanguage\":\"pl-PL\",\"@id\":\"https:\\\/\\\/garden-label.pl\\\/sklep\\\/#\\\/schema\\\/logo\\\/image\\\/\",\"url\":\"https:\\\/\\\/garden-label.pl\\\/sklep\\\/wp-content\\\/uploads\\\/2024\\\/01\\\/GardenLabel-pastelowe.png\",\"contentUrl\":\"https:\\\/\\\/garden-label.pl\\\/sklep\\\/wp-content\\\/uploads\\\/2024\\\/01\\\/GardenLabel-pastelowe.png\",\"width\":2566,\"height\":1054,\"caption\":\"Sklep Garden-Label: etykiety dla ogrodnictwa, drukarki, oprogramowanie\"},\"image\":{\"@id\":\"https:\\\/\\\/garden-label.pl\\\/sklep\\\/#\\\/schema\\\/logo\\\/image\\\/\"},\"sameAs\":[\"https:\\\/\\\/www.facebook.com\\\/gardenlabelpl\"]}]}<\/script>\n<meta property=\"product:brand\" content=\"Garden Label\" \/>\n<meta property=\"product:price:amount\" content=\"9.99\" \/>\n<meta property=\"product:price:currency\" content=\"PLN\" \/>\n<meta property=\"og:availability\" content=\"instock\" \/>\n<meta property=\"product:availability\" content=\"instock\" \/>\n<meta property=\"product:retailer_item_id\" content=\"5906792144210\" \/>\n<meta property=\"product:condition\" content=\"new\" \/>\n<!-- \/ Yoast SEO Premium plugin. -->","yoast_head_json":{"title":"Ta\u015bma\/Kalka termotransferowa TTR Woskowa (WAX) na papier (64mm x 74m)NC - Sklep Garden-Label: etykiety dla ogrodnictwa","robots":{"index":"index","follow":"follow","max-snippet":"max-snippet:-1","max-image-preview":"max-image-preview:large","max-video-preview":"max-video-preview:-1"},"canonical":"https:\/\/garden-label.pl\/sklep\/produkt\/tasma-kalka-termotransferowa-ttr-woskowa-wax-64mm-x-74m-na-papier-64x74-nc\/","og_locale":"pl_PL","og_type":"article","og_title":"Ta\u015bma\/Kalka termotransferowa TTR Woskowa (WAX) na papier (64mm x 74m)NC","og_description":"Ta\u015bma - Kalka termotransferowa TTR Woskowa (WAX) o wymiarach 64mm x 74m to doskona\u0142e rozwi\u0105zanie dla wszystkich, kt\u00f3rzy poszukuj\u0105 niezawodnego produktu do druku etykiet papierowych.... wi\u0119cej","og_url":"https:\/\/garden-label.pl\/sklep\/produkt\/tasma-kalka-termotransferowa-ttr-woskowa-wax-64mm-x-74m-na-papier-64x74-nc\/","og_site_name":"Sklep Garden-Label: etykiety dla ogrodnictwa","article_publisher":"https:\/\/www.facebook.com\/gardenlabelpl","article_modified_time":"2026-04-02T05:47:52+00:00","og_image":[{"width":502,"height":502,"url":"https:\/\/garden-label.pl\/sklep\/wp-content\/uploads\/2025\/10\/5aeb204d4a4fa204ae57f39d1286592c.png","type":"image\/png"}],"twitter_card":"summary_large_image","twitter_misc":{"Cena":"9,99&nbsp;&#122;&#322;","Dost\u0119pno\u015b\u0107":"Dost\u0119pny"},"schema":{"@context":"https:\/\/schema.org","@graph":[{"@type":"WebPage","@id":"https:\/\/garden-label.pl\/sklep\/produkt\/tasma-kalka-termotransferowa-ttr-woskowa-wax-64mm-x-74m-na-papier-64x74-nc\/","url":"https:\/\/garden-label.pl\/sklep\/produkt\/tasma-kalka-termotransferowa-ttr-woskowa-wax-64mm-x-74m-na-papier-64x74-nc\/","name":"Ta\u015bma\/Kalka termotransferowa TTR Woskowa (WAX) na papier (64mm x 74m)NC - Sklep Garden-Label: etykiety dla ogrodnictwa","isPartOf":{"@id":"https:\/\/garden-label.pl\/sklep\/#website"},"primaryImageOfPage":{"@id":"https:\/\/garden-label.pl\/sklep\/produkt\/tasma-kalka-termotransferowa-ttr-woskowa-wax-64mm-x-74m-na-papier-64x74-nc\/#primaryimage"},"image":{"@id":"https:\/\/garden-label.pl\/sklep\/produkt\/tasma-kalka-termotransferowa-ttr-woskowa-wax-64mm-x-74m-na-papier-64x74-nc\/#primaryimage"},"thumbnailUrl":"https:\/\/garden-label.pl\/sklep\/wp-content\/uploads\/2025\/10\/5aeb204d4a4fa204ae57f39d1286592c.png","datePublished":"2025-09-24T10:21:48+00:00","dateModified":"2026-04-02T05:47:52+00:00","breadcrumb":{"@id":"https:\/\/garden-label.pl\/sklep\/produkt\/tasma-kalka-termotransferowa-ttr-woskowa-wax-64mm-x-74m-na-papier-64x74-nc\/#breadcrumb"},"inLanguage":"pl-PL","potentialAction":[{"@type":"ReadAction","target":["https:\/\/garden-label.pl\/sklep\/produkt\/tasma-kalka-termotransferowa-ttr-woskowa-wax-64mm-x-74m-na-papier-64x74-nc\/"]}]},{"@type":"ImageObject","inLanguage":"pl-PL","@id":"https:\/\/garden-label.pl\/sklep\/produkt\/tasma-kalka-termotransferowa-ttr-woskowa-wax-64mm-x-74m-na-papier-64x74-nc\/#primaryimage","url":"https:\/\/garden-label.pl\/sklep\/wp-content\/uploads\/2025\/10\/5aeb204d4a4fa204ae57f39d1286592c.png","contentUrl":"https:\/\/garden-label.pl\/sklep\/wp-content\/uploads\/2025\/10\/5aeb204d4a4fa204ae57f39d1286592c.png","width":502,"height":502,"caption":"8bca8b130b3e6ceb1f5dc7acacb1842e"},{"@type":"BreadcrumbList","@id":"https:\/\/garden-label.pl\/sklep\/produkt\/tasma-kalka-termotransferowa-ttr-woskowa-wax-64mm-x-74m-na-papier-64x74-nc\/#breadcrumb","itemListElement":[{"@type":"ListItem","position":1,"name":"Strona g\u0142\u00f3wna","item":"https:\/\/garden-label.pl\/sklep\/"},{"@type":"ListItem","position":2,"name":"Home","item":"https:\/\/garden-label.pl\/sklep\/"},{"@type":"ListItem","position":3,"name":"Ta\u015bma\/Kalka termotransferowa TTR Woskowa (WAX) na papier (64mm x 74m)NC"}]},{"@type":"WebSite","@id":"https:\/\/garden-label.pl\/sklep\/#website","url":"https:\/\/garden-label.pl\/sklep\/","name":"Sklep Garden-Label: etykiety dla ogrodnictwa, drukarki, oprogramowanie","description":"ETYKIETY OGRODNICZE INFORMATYZACJA SZK\u00d3\u0141EK PASZPORTY RO\u015aLIN SKLEPY INTERNETOWE","publisher":{"@id":"https:\/\/garden-label.pl\/sklep\/#organization"},"potentialAction":[{"@type":"SearchAction","target":{"@type":"EntryPoint","urlTemplate":"https:\/\/garden-label.pl\/sklep\/?s={search_term_string}"},"query-input":{"@type":"PropertyValueSpecification","valueRequired":true,"valueName":"search_term_string"}}],"inLanguage":"pl-PL"},{"@type":"Organization","@id":"https:\/\/garden-label.pl\/sklep\/#organization","name":"Sklep Garden-Label: etykiety dla ogrodnictwa, drukarki, oprogramowanie","url":"https:\/\/garden-label.pl\/sklep\/","logo":{"@type":"ImageObject","inLanguage":"pl-PL","@id":"https:\/\/garden-label.pl\/sklep\/#\/schema\/logo\/image\/","url":"https:\/\/garden-label.pl\/sklep\/wp-content\/uploads\/2024\/01\/GardenLabel-pastelowe.png","contentUrl":"https:\/\/garden-label.pl\/sklep\/wp-content\/uploads\/2024\/01\/GardenLabel-pastelowe.png","width":2566,"height":1054,"caption":"Sklep Garden-Label: etykiety dla ogrodnictwa, drukarki, oprogramowanie"},"image":{"@id":"https:\/\/garden-label.pl\/sklep\/#\/schema\/logo\/image\/"},"sameAs":["https:\/\/www.facebook.com\/gardenlabelpl"]}]},"product_brand":"Garden Label","product_price_amount":"9.99","product_price_currency":"PLN","og_availability":"instock","product_availability":"instock","product_retailer_item_id":"5906792144210","product_condition":"new"},"_links":{"self":[{"href":"https:\/\/garden-label.pl\/sklep\/wp-json\/wp\/v2\/product\/38332","targetHints":{"allow":["GET"]}}],"collection":[{"href":"https:\/\/garden-label.pl\/sklep\/wp-json\/wp\/v2\/product"}],"about":[{"href":"https:\/\/garden-label.pl\/sklep\/wp-json\/wp\/v2\/types\/product"}],"replies":[{"embeddable":true,"href":"https:\/\/garden-label.pl\/sklep\/wp-json\/wp\/v2\/comments?post=38332"}],"version-history":[{"count":1,"href":"https:\/\/garden-label.pl\/sklep\/wp-json\/wp\/v2\/product\/38332\/revisions"}],"predecessor-version":[{"id":100935,"href":"https:\/\/garden-label.pl\/sklep\/wp-json\/wp\/v2\/product\/38332\/revisions\/100935"}],"wp:featuredmedia":[{"embeddable":true,"href":"https:\/\/garden-label.pl\/sklep\/wp-json\/wp\/v2\/media\/87150"}],"wp:attachment":[{"href":"https:\/\/garden-label.pl\/sklep\/wp-json\/wp\/v2\/media?parent=38332"}],"wp:term":[{"taxonomy":"product_brand","embeddable":true,"href":"https:\/\/garden-label.pl\/sklep\/wp-json\/wp\/v2\/product_brand?post=38332"},{"taxonomy":"product_cat","embeddable":true,"href":"https:\/\/garden-label.pl\/sklep\/wp-json\/wp\/v2\/product_cat?post=38332"},{"taxonomy":"product_tag","embeddable":true,"href":"https:\/\/garden-label.pl\/sklep\/wp-json\/wp\/v2\/product_tag?post=38332"}],"curies":[{"name":"wp","href":"https:\/\/api.w.org\/{rel}","templated":true}]}}