{"id":11869,"date":"2024-10-23T12:58:33","date_gmt":"2024-10-23T10:58:33","guid":{"rendered":"https:\/\/garden-label.pl\/sklep\/produkt\/etykiety-ogrodnicze-petelkowe-zolte-200mm-x-17mm-500-sztuk-garden-label-pl\/"},"modified":"2026-03-13T07:36:39","modified_gmt":"2026-03-13T06:36:39","slug":"etykiety-ogrodnicze-petelkowe-zolte-200mm-x-17mm-500-sztuk-garden-label-pl","status":"publish","type":"product","link":"https:\/\/garden-label.pl\/sklep\/produkt\/etykiety-ogrodnicze-petelkowe-zolte-200mm-x-17mm-500-sztuk-garden-label-pl\/","title":{"rendered":"Etykiety Ogrodnicze P\u0119telkowe \u017b\u00f3\u0142te 200mm x 17mm (500 sztuk) &#8211; Garden-Label.pl"},"content":{"rendered":"<p>Oferujemy nowoczesne etykiety ogrodnicze oraz sadownicze typu p\u0119telkowego w intensywnym kolorze \u017c\u00f3\u0142tym, idealne do oznaczania ro\u015blin. Ka\u017cda etykieta ma wymiary 200 mm x 17 mm i jest dostarczana w opakowaniu zawieraj\u0105cym 500 sztuk. Wykonane z wysokiej jako\u015bci tworzywa sztucznego, nasze etykiety s\u0105 odpowiednie zar\u00f3wno do r\u0119cznego opisywania, jak i do druku termotransferowego. Dzi\u0119ki swojej wytrzyma\u0142o\u015bci, s\u0105 odporne na dzia\u0142anie niekorzystnych warunk\u00f3w atmosferycznych, w tym wodoodporne oraz odporne na promieniowanie UV i ekstremalne temperatury, co czyni je doskona\u0142ym wyborem do d\u0142ugotrwa\u0142ego u\u017cytkowania w ogrodzie.<\/p>\n<p>Etykiety umo\u017cliwiaj\u0105 naniesienie kluczowych informacji, takich jak polska i \u0142aci\u0144ska nazwa ro\u015bliny, paszport ro\u015bliny, kod kreskowy czy cena, co jest niezwykle przydatne zar\u00f3wno dla profesjonalnych ogrodnik\u00f3w, jak i amator\u00f3w. Trwa\u0142a p\u0119telka mocno trzyma si\u0119 \u0142odygi, ga\u0142\u0119zi lub pnia, zapewniaj\u0105c niezawodne dzia\u0142anie i d\u0142ugotrwa\u0142e oznaczenie.<\/p>\n<p>Produkcja etykiet odbywa si\u0119 w Polsce, co gwarantuje wysok\u0105 jako\u015b\u0107 wykonania. Produkt obj\u0119ty jest 24-miesi\u0119czn\u0105 gwarancj\u0105, a realizacja zam\u00f3wienia odbywa si\u0119 w ci\u0105gu jednego dnia roboczego, zapewniaj\u0105c szybk\u0105 wysy\u0142k\u0119. Wybieraj\u0105c nasze etykiety, stawiasz na niezawodno\u015b\u0107 i komfort w codziennej pracy w ogrodzie. <\/p>\n<p>producent\/przedstawiciel\/informacje o bezpiecze\u0144stwie: https:\/\/anetpol.pl\/regulamin-sklepu-internetowego\/<br \/>biuro@anetpol.pl<\/p>\n","protected":false},"excerpt":{"rendered":"<p>Etykiety p\u0119tlowe  200x17mm<br \/>\nProfesjonalne etykiety ogrodnicze wykonane z trwa\u0142ego HDPE o wymiarach 200x17mm (17&#215;200), przeznaczone do druku termotransferowego oraz opisywania markerem permanentnym.<\/p>\n<p>Dzi\u0119ki odpowiednim wymiarom pozwalaj\u0105&#8230; <a href=\"https:\/\/garden-label.pl\/sklep\/produkt\/etykiety-ogrodnicze-petelkowe-zolte-200mm-x-17mm-500-sztuk-garden-label-pl\/\">wi\u0119cej<\/a><\/p>\n","protected":false},"featured_media":94278,"comment_status":"open","ping_status":"closed","template":"","meta":[],"product_brand":[910],"product_cat":[1087,1084,1116,1128,1085,1124,1086,15],"product_tag":[1082,896,897,898,899,900,902,903,904,926,908,905,1083,919,907,912],"class_list":{"0":"post-11869","1":"product","2":"type-product","3":"status-publish","4":"has-post-thumbnail","6":"product_brand-garden-label-pl","7":"product_cat-akcesoria","8":"product_cat-dom-i-ogrod","9":"product_cat-etykiety","10":"product_cat-kolorowe-petlowe-wiazane-termotransferowe","11":"product_cat-ogrod","12":"product_cat-petlowe-wiazane-termotransferowe","13":"product_cat-rosliny","14":"product_cat-sklep","15":"product_tag-anetpol","16":"product_tag-etykiety-do-opisu-roslin","17":"product_tag-etykiety-do-pisania","18":"product_tag-etykiety-kolorowe","19":"product_tag-etykiety-ogrodnicze","20":"product_tag-etykiety-petlowe","21":"product_tag-garden-label","22":"product_tag-gilza-40-mm","23":"product_tag-gilza-76-mm","24":"product_tag-regulacja-obwodu","25":"product_tag-rolka","26":"product_tag-srednica-nawoju-do-10-cm","27":"product_tag-supermerchant","28":"product_tag-wydruki","29":"product_tag-wymiar-200x17mm-17x200","30":"product_tag-zestawy-do-opisu-roslin","31":"sales-flash-overlay","32":"woocommerce-text-align-left","33":"woocommerce-image-align-center","34":"do-quantity-buttons","35":"wc-has-gallery","37":"first","38":"instock","39":"taxable","40":"shipping-taxable","41":"purchasable","42":"product-type-simple"},"yoast_head":"<!-- This site is optimized with the Yoast SEO Premium plugin v26.3 (Yoast SEO v27.3) - https:\/\/yoast.com\/product\/yoast-seo-premium-wordpress\/ -->\n<title>Etykiety Ogrodnicze P\u0119telkowe \u017b\u00f3\u0142te 200mm x 17mm (500 sztuk) - Garden-Label.pl - Sklep Garden-Label: etykiety dla ogrodnictwa<\/title>\n<meta name=\"robots\" content=\"index, follow, max-snippet:-1, max-image-preview:large, max-video-preview:-1\" \/>\n<link rel=\"canonical\" href=\"https:\/\/garden-label.pl\/sklep\/produkt\/etykiety-ogrodnicze-petelkowe-zolte-200mm-x-17mm-500-sztuk-garden-label-pl\/\" \/>\n<meta property=\"og:locale\" content=\"pl_PL\" \/>\n<meta property=\"og:type\" content=\"article\" \/>\n<meta property=\"og:title\" content=\"Etykiety Ogrodnicze P\u0119telkowe \u017b\u00f3\u0142te 200mm x 17mm (500 sztuk) - Garden-Label.pl\" \/>\n<meta property=\"og:description\" content=\"Etykiety p\u0119tlowe 200x17mm Profesjonalne etykiety ogrodnicze wykonane z trwa\u0142ego HDPE o wymiarach 200x17mm (17x200), przeznaczone do druku termotransferowego oraz opisywania markerem permanentnym. Dzi\u0119ki odpowiednim wymiarom pozwalaj\u0105... wi\u0119cej\" \/>\n<meta property=\"og:url\" content=\"https:\/\/garden-label.pl\/sklep\/produkt\/etykiety-ogrodnicze-petelkowe-zolte-200mm-x-17mm-500-sztuk-garden-label-pl\/\" \/>\n<meta property=\"og:site_name\" content=\"Sklep Garden-Label: etykiety dla ogrodnictwa\" \/>\n<meta property=\"article:publisher\" content=\"https:\/\/www.facebook.com\/gardenlabelpl\" \/>\n<meta property=\"article:modified_time\" content=\"2026-03-13T06:36:39+00:00\" \/>\n<meta property=\"og:image\" content=\"https:\/\/garden-label.pl\/sklep\/wp-content\/uploads\/2024\/10\/91376100cdb721758107434065f49936-2.jpg\" \/>\n\t<meta property=\"og:image:width\" content=\"2560\" \/>\n\t<meta property=\"og:image:height\" content=\"1706\" \/>\n\t<meta property=\"og:image:type\" content=\"image\/jpeg\" \/>\n<meta name=\"twitter:card\" content=\"summary_large_image\" \/>\n<meta name=\"twitter:label1\" content=\"Cena\" \/>\n\t<meta name=\"twitter:data1\" content=\"75,00&nbsp;&#122;&#322;\" \/>\n\t<meta name=\"twitter:label2\" content=\"Dost\u0119pno\u015b\u0107\" \/>\n\t<meta name=\"twitter:data2\" content=\"Dost\u0119pny\" \/>\n<script type=\"application\/ld+json\" class=\"yoast-schema-graph\">{\"@context\":\"https:\\\/\\\/schema.org\",\"@graph\":[{\"@type\":\"WebPage\",\"@id\":\"https:\\\/\\\/garden-label.pl\\\/sklep\\\/produkt\\\/etykiety-ogrodnicze-petelkowe-zolte-200mm-x-17mm-500-sztuk-garden-label-pl\\\/\",\"url\":\"https:\\\/\\\/garden-label.pl\\\/sklep\\\/produkt\\\/etykiety-ogrodnicze-petelkowe-zolte-200mm-x-17mm-500-sztuk-garden-label-pl\\\/\",\"name\":\"Etykiety Ogrodnicze P\u0119telkowe \u017b\u00f3\u0142te 200mm x 17mm (500 sztuk) - Garden-Label.pl - Sklep Garden-Label: etykiety dla ogrodnictwa\",\"isPartOf\":{\"@id\":\"https:\\\/\\\/garden-label.pl\\\/sklep\\\/#website\"},\"primaryImageOfPage\":{\"@id\":\"https:\\\/\\\/garden-label.pl\\\/sklep\\\/produkt\\\/etykiety-ogrodnicze-petelkowe-zolte-200mm-x-17mm-500-sztuk-garden-label-pl\\\/#primaryimage\"},\"image\":{\"@id\":\"https:\\\/\\\/garden-label.pl\\\/sklep\\\/produkt\\\/etykiety-ogrodnicze-petelkowe-zolte-200mm-x-17mm-500-sztuk-garden-label-pl\\\/#primaryimage\"},\"thumbnailUrl\":\"https:\\\/\\\/garden-label.pl\\\/sklep\\\/wp-content\\\/uploads\\\/2025\\\/11\\\/c2c8e5d437660284b7b4dc1a8156a4dc.png\",\"datePublished\":\"2024-10-23T10:58:33+00:00\",\"dateModified\":\"2026-03-13T06:36:39+00:00\",\"breadcrumb\":{\"@id\":\"https:\\\/\\\/garden-label.pl\\\/sklep\\\/produkt\\\/etykiety-ogrodnicze-petelkowe-zolte-200mm-x-17mm-500-sztuk-garden-label-pl\\\/#breadcrumb\"},\"inLanguage\":\"pl-PL\",\"potentialAction\":[{\"@type\":\"ReadAction\",\"target\":[\"https:\\\/\\\/garden-label.pl\\\/sklep\\\/produkt\\\/etykiety-ogrodnicze-petelkowe-zolte-200mm-x-17mm-500-sztuk-garden-label-pl\\\/\"]}]},{\"@type\":\"ImageObject\",\"inLanguage\":\"pl-PL\",\"@id\":\"https:\\\/\\\/garden-label.pl\\\/sklep\\\/produkt\\\/etykiety-ogrodnicze-petelkowe-zolte-200mm-x-17mm-500-sztuk-garden-label-pl\\\/#primaryimage\",\"url\":\"https:\\\/\\\/garden-label.pl\\\/sklep\\\/wp-content\\\/uploads\\\/2025\\\/11\\\/c2c8e5d437660284b7b4dc1a8156a4dc.png\",\"contentUrl\":\"https:\\\/\\\/garden-label.pl\\\/sklep\\\/wp-content\\\/uploads\\\/2025\\\/11\\\/c2c8e5d437660284b7b4dc1a8156a4dc.png\",\"width\":1303,\"height\":1072,\"caption\":\"a4c0eaa9fa6c85f2c9b0b83070b5be10\"},{\"@type\":\"BreadcrumbList\",\"@id\":\"https:\\\/\\\/garden-label.pl\\\/sklep\\\/produkt\\\/etykiety-ogrodnicze-petelkowe-zolte-200mm-x-17mm-500-sztuk-garden-label-pl\\\/#breadcrumb\",\"itemListElement\":[{\"@type\":\"ListItem\",\"position\":1,\"name\":\"Strona g\u0142\u00f3wna\",\"item\":\"https:\\\/\\\/garden-label.pl\\\/sklep\\\/\"},{\"@type\":\"ListItem\",\"position\":2,\"name\":\"Home\",\"item\":\"https:\\\/\\\/garden-label.pl\\\/sklep\\\/\"},{\"@type\":\"ListItem\",\"position\":3,\"name\":\"Etykiety Ogrodnicze P\u0119telkowe \u017b\u00f3\u0142te 200mm x 17mm (500 sztuk) &#8211; Garden-Label.pl\"}]},{\"@type\":\"WebSite\",\"@id\":\"https:\\\/\\\/garden-label.pl\\\/sklep\\\/#website\",\"url\":\"https:\\\/\\\/garden-label.pl\\\/sklep\\\/\",\"name\":\"Sklep Garden-Label: etykiety dla ogrodnictwa, drukarki, oprogramowanie\",\"description\":\"ETYKIETY OGRODNICZE INFORMATYZACJA SZK\u00d3\u0141EK PASZPORTY RO\u015aLIN SKLEPY INTERNETOWE\",\"publisher\":{\"@id\":\"https:\\\/\\\/garden-label.pl\\\/sklep\\\/#organization\"},\"potentialAction\":[{\"@type\":\"SearchAction\",\"target\":{\"@type\":\"EntryPoint\",\"urlTemplate\":\"https:\\\/\\\/garden-label.pl\\\/sklep\\\/?s={search_term_string}\"},\"query-input\":{\"@type\":\"PropertyValueSpecification\",\"valueRequired\":true,\"valueName\":\"search_term_string\"}}],\"inLanguage\":\"pl-PL\"},{\"@type\":\"Organization\",\"@id\":\"https:\\\/\\\/garden-label.pl\\\/sklep\\\/#organization\",\"name\":\"Sklep Garden-Label: etykiety dla ogrodnictwa, drukarki, oprogramowanie\",\"url\":\"https:\\\/\\\/garden-label.pl\\\/sklep\\\/\",\"logo\":{\"@type\":\"ImageObject\",\"inLanguage\":\"pl-PL\",\"@id\":\"https:\\\/\\\/garden-label.pl\\\/sklep\\\/#\\\/schema\\\/logo\\\/image\\\/\",\"url\":\"https:\\\/\\\/garden-label.pl\\\/sklep\\\/wp-content\\\/uploads\\\/2024\\\/01\\\/GardenLabel-pastelowe.png\",\"contentUrl\":\"https:\\\/\\\/garden-label.pl\\\/sklep\\\/wp-content\\\/uploads\\\/2024\\\/01\\\/GardenLabel-pastelowe.png\",\"width\":2566,\"height\":1054,\"caption\":\"Sklep Garden-Label: etykiety dla ogrodnictwa, drukarki, oprogramowanie\"},\"image\":{\"@id\":\"https:\\\/\\\/garden-label.pl\\\/sklep\\\/#\\\/schema\\\/logo\\\/image\\\/\"},\"sameAs\":[\"https:\\\/\\\/www.facebook.com\\\/gardenlabelpl\"]}]}<\/script>\n<meta property=\"product:brand\" content=\"Garden Label\" \/>\n<meta property=\"product:price:amount\" content=\"75.00\" \/>\n<meta property=\"product:price:currency\" content=\"PLN\" \/>\n<meta property=\"og:availability\" content=\"instock\" \/>\n<meta property=\"product:availability\" content=\"instock\" \/>\n<meta property=\"product:retailer_item_id\" content=\"5906792142506\" \/>\n<meta property=\"product:condition\" content=\"new\" \/>\n<!-- \/ Yoast SEO Premium plugin. -->","yoast_head_json":{"title":"Etykiety Ogrodnicze P\u0119telkowe \u017b\u00f3\u0142te 200mm x 17mm (500 sztuk) - Garden-Label.pl - Sklep Garden-Label: etykiety dla ogrodnictwa","robots":{"index":"index","follow":"follow","max-snippet":"max-snippet:-1","max-image-preview":"max-image-preview:large","max-video-preview":"max-video-preview:-1"},"canonical":"https:\/\/garden-label.pl\/sklep\/produkt\/etykiety-ogrodnicze-petelkowe-zolte-200mm-x-17mm-500-sztuk-garden-label-pl\/","og_locale":"pl_PL","og_type":"article","og_title":"Etykiety Ogrodnicze P\u0119telkowe \u017b\u00f3\u0142te 200mm x 17mm (500 sztuk) - Garden-Label.pl","og_description":"Etykiety p\u0119tlowe 200x17mm Profesjonalne etykiety ogrodnicze wykonane z trwa\u0142ego HDPE o wymiarach 200x17mm (17x200), przeznaczone do druku termotransferowego oraz opisywania markerem permanentnym. Dzi\u0119ki odpowiednim wymiarom pozwalaj\u0105... wi\u0119cej","og_url":"https:\/\/garden-label.pl\/sklep\/produkt\/etykiety-ogrodnicze-petelkowe-zolte-200mm-x-17mm-500-sztuk-garden-label-pl\/","og_site_name":"Sklep Garden-Label: etykiety dla ogrodnictwa","article_publisher":"https:\/\/www.facebook.com\/gardenlabelpl","article_modified_time":"2026-03-13T06:36:39+00:00","og_image":[{"width":2560,"height":1706,"url":"https:\/\/garden-label.pl\/sklep\/wp-content\/uploads\/2024\/10\/91376100cdb721758107434065f49936-2.jpg","type":"image\/jpeg"}],"twitter_card":"summary_large_image","twitter_misc":{"Cena":"75,00&nbsp;&#122;&#322;","Dost\u0119pno\u015b\u0107":"Dost\u0119pny"},"schema":{"@context":"https:\/\/schema.org","@graph":[{"@type":"WebPage","@id":"https:\/\/garden-label.pl\/sklep\/produkt\/etykiety-ogrodnicze-petelkowe-zolte-200mm-x-17mm-500-sztuk-garden-label-pl\/","url":"https:\/\/garden-label.pl\/sklep\/produkt\/etykiety-ogrodnicze-petelkowe-zolte-200mm-x-17mm-500-sztuk-garden-label-pl\/","name":"Etykiety Ogrodnicze P\u0119telkowe \u017b\u00f3\u0142te 200mm x 17mm (500 sztuk) - Garden-Label.pl - Sklep Garden-Label: etykiety dla ogrodnictwa","isPartOf":{"@id":"https:\/\/garden-label.pl\/sklep\/#website"},"primaryImageOfPage":{"@id":"https:\/\/garden-label.pl\/sklep\/produkt\/etykiety-ogrodnicze-petelkowe-zolte-200mm-x-17mm-500-sztuk-garden-label-pl\/#primaryimage"},"image":{"@id":"https:\/\/garden-label.pl\/sklep\/produkt\/etykiety-ogrodnicze-petelkowe-zolte-200mm-x-17mm-500-sztuk-garden-label-pl\/#primaryimage"},"thumbnailUrl":"https:\/\/garden-label.pl\/sklep\/wp-content\/uploads\/2025\/11\/c2c8e5d437660284b7b4dc1a8156a4dc.png","datePublished":"2024-10-23T10:58:33+00:00","dateModified":"2026-03-13T06:36:39+00:00","breadcrumb":{"@id":"https:\/\/garden-label.pl\/sklep\/produkt\/etykiety-ogrodnicze-petelkowe-zolte-200mm-x-17mm-500-sztuk-garden-label-pl\/#breadcrumb"},"inLanguage":"pl-PL","potentialAction":[{"@type":"ReadAction","target":["https:\/\/garden-label.pl\/sklep\/produkt\/etykiety-ogrodnicze-petelkowe-zolte-200mm-x-17mm-500-sztuk-garden-label-pl\/"]}]},{"@type":"ImageObject","inLanguage":"pl-PL","@id":"https:\/\/garden-label.pl\/sklep\/produkt\/etykiety-ogrodnicze-petelkowe-zolte-200mm-x-17mm-500-sztuk-garden-label-pl\/#primaryimage","url":"https:\/\/garden-label.pl\/sklep\/wp-content\/uploads\/2025\/11\/c2c8e5d437660284b7b4dc1a8156a4dc.png","contentUrl":"https:\/\/garden-label.pl\/sklep\/wp-content\/uploads\/2025\/11\/c2c8e5d437660284b7b4dc1a8156a4dc.png","width":1303,"height":1072,"caption":"a4c0eaa9fa6c85f2c9b0b83070b5be10"},{"@type":"BreadcrumbList","@id":"https:\/\/garden-label.pl\/sklep\/produkt\/etykiety-ogrodnicze-petelkowe-zolte-200mm-x-17mm-500-sztuk-garden-label-pl\/#breadcrumb","itemListElement":[{"@type":"ListItem","position":1,"name":"Strona g\u0142\u00f3wna","item":"https:\/\/garden-label.pl\/sklep\/"},{"@type":"ListItem","position":2,"name":"Home","item":"https:\/\/garden-label.pl\/sklep\/"},{"@type":"ListItem","position":3,"name":"Etykiety Ogrodnicze P\u0119telkowe \u017b\u00f3\u0142te 200mm x 17mm (500 sztuk) &#8211; Garden-Label.pl"}]},{"@type":"WebSite","@id":"https:\/\/garden-label.pl\/sklep\/#website","url":"https:\/\/garden-label.pl\/sklep\/","name":"Sklep Garden-Label: etykiety dla ogrodnictwa, drukarki, oprogramowanie","description":"ETYKIETY OGRODNICZE INFORMATYZACJA SZK\u00d3\u0141EK PASZPORTY RO\u015aLIN SKLEPY INTERNETOWE","publisher":{"@id":"https:\/\/garden-label.pl\/sklep\/#organization"},"potentialAction":[{"@type":"SearchAction","target":{"@type":"EntryPoint","urlTemplate":"https:\/\/garden-label.pl\/sklep\/?s={search_term_string}"},"query-input":{"@type":"PropertyValueSpecification","valueRequired":true,"valueName":"search_term_string"}}],"inLanguage":"pl-PL"},{"@type":"Organization","@id":"https:\/\/garden-label.pl\/sklep\/#organization","name":"Sklep Garden-Label: etykiety dla ogrodnictwa, drukarki, oprogramowanie","url":"https:\/\/garden-label.pl\/sklep\/","logo":{"@type":"ImageObject","inLanguage":"pl-PL","@id":"https:\/\/garden-label.pl\/sklep\/#\/schema\/logo\/image\/","url":"https:\/\/garden-label.pl\/sklep\/wp-content\/uploads\/2024\/01\/GardenLabel-pastelowe.png","contentUrl":"https:\/\/garden-label.pl\/sklep\/wp-content\/uploads\/2024\/01\/GardenLabel-pastelowe.png","width":2566,"height":1054,"caption":"Sklep Garden-Label: etykiety dla ogrodnictwa, drukarki, oprogramowanie"},"image":{"@id":"https:\/\/garden-label.pl\/sklep\/#\/schema\/logo\/image\/"},"sameAs":["https:\/\/www.facebook.com\/gardenlabelpl"]}]},"product_brand":"Garden Label","product_price_amount":"75.00","product_price_currency":"PLN","og_availability":"instock","product_availability":"instock","product_retailer_item_id":"5906792142506","product_condition":"new"},"_links":{"self":[{"href":"https:\/\/garden-label.pl\/sklep\/wp-json\/wp\/v2\/product\/11869","targetHints":{"allow":["GET"]}}],"collection":[{"href":"https:\/\/garden-label.pl\/sklep\/wp-json\/wp\/v2\/product"}],"about":[{"href":"https:\/\/garden-label.pl\/sklep\/wp-json\/wp\/v2\/types\/product"}],"replies":[{"embeddable":true,"href":"https:\/\/garden-label.pl\/sklep\/wp-json\/wp\/v2\/comments?post=11869"}],"version-history":[{"count":0,"href":"https:\/\/garden-label.pl\/sklep\/wp-json\/wp\/v2\/product\/11869\/revisions"}],"wp:featuredmedia":[{"embeddable":true,"href":"https:\/\/garden-label.pl\/sklep\/wp-json\/wp\/v2\/media\/94278"}],"wp:attachment":[{"href":"https:\/\/garden-label.pl\/sklep\/wp-json\/wp\/v2\/media?parent=11869"}],"wp:term":[{"taxonomy":"product_brand","embeddable":true,"href":"https:\/\/garden-label.pl\/sklep\/wp-json\/wp\/v2\/product_brand?post=11869"},{"taxonomy":"product_cat","embeddable":true,"href":"https:\/\/garden-label.pl\/sklep\/wp-json\/wp\/v2\/product_cat?post=11869"},{"taxonomy":"product_tag","embeddable":true,"href":"https:\/\/garden-label.pl\/sklep\/wp-json\/wp\/v2\/product_tag?post=11869"}],"curies":[{"name":"wp","href":"https:\/\/api.w.org\/{rel}","templated":true}]}}